nd 1339743.
183
Calculate the greatest common factor of 3520 and 703510.
10
Calculate the highest common factor of 10561446 and 73248.
4578
What is the highest common factor of 6893172 and 792?
396
Calculate the highest common divisor of 743945 and 30.
5
What is the greatest common divisor of 742 and 1096998?
14
What is the greatest common divisor of 411 and 8947607?
137
Calculate the highest common divisor of 366045 and 25185.
345
What is the highest common factor of 130 and 30555460?
130
What is the highest common divisor of 5677808 and 2527?
361
Calculate the greatest common factor of 9346 and 14799391.
4673
Calculate the greatest common divisor of 13936 and 1827760.
1072
Calculate the highest common divisor of 3622 and 11152138.
3622
Calculate the highest common divisor of 1776 and 27547647.
111
What is the highest common divisor of 548 and 16161205?
137
Calculate the greatest common factor of 60 and 12180804.
12
Calculate the highest common divisor of 1228349 and 46242.
367
Calculate the greatest common divisor of 5381136 and 387.
9
What is the highest common factor of 1186378 and 159217?
1409
What is the highest common divisor of 9373 and 4940481?
91
Calculate the greatest common factor of 9811 and 10.
1
Calculate the greatest common factor of 3610 and 204464.
2
What is the highest common divisor of 20646 and 4105113?
3441
What is the greatest common divisor of 270 and 3235842?
54
What is the highest common factor of 10015 and 5646457?
2003
Calculate the highest common divisor of 16 and 19391752.
8
Calculate the greatest common factor of 8167661 and 32243.
1697
What is the greatest common factor of 19904 and 18349?
311
What is the greatest common factor of 96 and 8875416?
24
What is the greatest common divisor of 34976 and 2594782?
2186
Calculate the greatest common factor of 48598 and 121814.
22
Calculate the highest common divisor of 1708 and 146052.
4
What is the highest common factor of 560603 and 1317?
439
Calculate the greatest common factor of 4560 and 7046112.
912
Calculate the greatest common factor of 67561 and 4.
1
What is the highest common factor of 50 and 41787?
1
What is the highest common divisor of 223346 and 37502?
34
What is the greatest common divisor of 2190 and 59248990?
730
What is the greatest common divisor of 245 and 67320855?
245
What is the greatest common divisor of 36 and 195368?
4
Calculate the highest common divisor of 237704325 and 195.
15
Calculate the greatest common factor of 4232516 and 304.
76
Calculate the highest common factor of 80740395 and 621.
27
Calculate the greatest common divisor of 8231550 and 13425.
75
Calculate the greatest common factor of 1442 and 263045314.
1442
What is the greatest common divisor of 3311685 and 41625?
1665
Calculate the highest common factor of 141 and 130941718.
47
What is the greatest common factor of 1466721 and 351?
27
Calculate the greatest common factor of 33303753 and 2142.
63
What is the highest common divisor of 40874936 and 1224?
136
Calculate the highest common factor of 18568 and 1878536.
88
What is the greatest common divisor of 27883526 and 836?
418
What is the greatest common divisor of 22850 and 217450?
50
What is the greatest common factor of 333 and 26879871?
111
What is the greatest common factor of 368872 and 2832200?
392
Calculate the greatest common divisor of 182775 and 85275.
75
What is the highest common factor of 1516 and 19095157?
379
What is the highest common factor of 161 and 59339126?
161
Calculate the highest common factor of 14892 and 83338260.
876
What is the highest common factor of 9915 and 947796663?
1983
Calculate the greatest common factor of 149726 and 20731828.
3482
Calculate the highest common factor of 2968600 and 1880.
40
Calculate the greatest common divisor of 25968 and 1345467.
1623
What is the greatest common divisor of 1991 and 8900837?
11
What is the greatest common divisor of 396 and 377784264?
132
Calculate the highest common factor of 17 and 697502775.
17
Calculate the greatest common divisor of 27156997 and 12719.
161
What is the highest common factor of 1999115 and 1972?
493
Calculate the highest common factor of 4378 and 174064.
22
What is the highest common factor of 530889 and 3265?
653
Calculate the highest common divisor of 324 and 9612.
108
Calculate the greatest common divisor of 2576 and 210611.
23
Calculate the highest common factor of 4270863 and 14768.
71
What is the highest common factor of 7612569 and 375?
3
What is the greatest common divisor of 2921606 and 11534?
146
What is the highest common divisor of 604398 and 6?
6
What is the highest common divisor of 29220 and 215310?
30
What is the greatest common factor of 295 and 151465?
5
Calculate the greatest common factor of 18981 and 256515561.
6327
Calculate the highest common divisor of 3414431 and 40183.
281
What is the greatest common divisor of 21111 and 476927?
227
What is the greatest common divisor of 116 and 52513258?
58
Calculate the greatest common factor of 5408 and 2414780160.
5408
What is the greatest common divisor of 309695507 and 121?
121
Calculate the greatest common divisor of 73 and 1891843399.
73
What is the greatest common divisor of 68849 and 77737?
11
Calculate the highest common factor of 51482864 and 9160.
1832
What is the greatest common divisor of 1133426 and 11438?
266
Calculate the greatest common divisor of 33192 and 333000.
72
Calculate the greatest common factor of 3822915 and 2580.
645
Calculate the highest common divisor of 2650060 and 77602.
322
What is the greatest common divisor of 3822 and 1239186?
78
What is the highest common factor of 206339974 and 764?
382
Calculate the greatest common factor of 134 and 53395114.
134
Calculate the greatest common factor of 366 and 675228.
6
Calculate the highest common factor of 16 and 129592976.
16
What is the greatest common factor of 26124 and 5180016?
3732
What is the highest common divisor of 208290467 and 385?
77
What is the highest common factor of 1059780 and 252960?
1020
What is the greatest common divisor of 15628390 and 116?
58
Calculate the highest common factor of 490758 and 115194.
1578
What is the greatest common factor of 9833608 and 3792?
8
What is the highest common factor of 4817702 and 26062?
314
Calculate the highest common factor of 46626 and 816924.
114
What is the greatest common divisor of 19514603 and 115?
23
What is the highest common divisor of 2956905 and 69285?
2235
Calculate the greatest common factor of 2696 and 23755467.
337
What is the greatest common divisor of 5411102 and 2072?
74
Calculate the greatest common factor of 40 and 40011860.
20
Calculate the greatest common factor of 21525 and 8725.
25
Calculate the highest common divisor of 567 and 3284568.
63
What is the greatest common factor of 1764 and 587568?
12
What is the greatest common divisor of 1428650 and 1250?
50
Calculate the greatest common factor of 1060 and 774740.
20
Calculate the greatest common divisor of 49714353 and 1053.
117
What is the highest common divisor of 63135403 and 101?
101
What is the greatest common factor of 7446 and 751434?
102
What is the greatest common factor of 157753 and 18469?
73
What is the highest common factor of 2009418 and 4830?
138
Calculate the highest common divisor of 10485 and 9369396.
2097
What is the highest common divisor of 253 and 31581671?
11
Calculate the highest common factor of 18150 and 150.
150
What is the highest common factor of 15007 and 247441?
349
Calculate the highest common divisor of 9618 and 14083958.
3206
What is the highest common factor of 743 and 4648951?
743
What is the greatest common divisor of 923956 and 22576?
332
Calculate the highest common divisor of 1826808 and 927.
309
What is the greatest common factor of 58576950 and 207?
9
Calculate the greatest common factor of 7618198 and 14035.
2807
Calculate the highest common divisor of 264 and 2429757.
33
Calculate the highest common factor of 77450038 and 194.
194
What is the greatest common divisor of 5842 and 659511?
127
What is the highest common factor of 288 and 7878501?
9
Calculate the greatest common divisor of 11695013 and 305767.
2299
Calculate the greatest common factor of 251151172 and 6064.
1516
What is the highest common factor of 244155 and 26172